{"id":310,"date":"2020-10-19T22:34:50","date_gmt":"2020-10-19T22:34:50","guid":{"rendered":"http:\/\/www.santamariadelosangeles.cl\/web\/?page_id=310"},"modified":"2025-05-27T10:22:56","modified_gmt":"2025-05-27T13:22:56","slug":"https-www-sistemadeadmisionescolar-cl","status":"publish","type":"page","link":"https:\/\/www.santamariadelosangeles.cl\/web\/https-www-sistemadeadmisionescolar-cl\/","title":{"rendered":"ADMISI\u00d3N SAE"},"content":{"rendered":"\t\t<div data-elementor-type=\"wp-page\" data-elementor-id=\"310\" class=\"elementor elementor-310\">\n\t\t\t\t\t\t<div class=\"elementor-inner\">\n\t\t\t\t<div class=\"elementor-section-wrap\">\n\t\t\t\t\t\t\t\t\t<section class=\"elementor-section elementor-top-section elementor-element elementor-element-2559939 elementor-section-boxed elementor-section-height-default elementor-section-height-default\" data-id=\"2559939\" data-element_type=\"section\">\n\t\t\t\t\t\t<div class=\"elementor-container elementor-column-gap-default\">\n\t\t\t\t\t\t\t<div class=\"elementor-row\">\n\t\t\t\t\t<div class=\"elementor-column elementor-col-100 elementor-top-column elementor-element elementor-element-02b85c4\" data-id=\"02b85c4\" data-element_type=\"column\">\n\t\t\t<div class=\"elementor-column-wrap elementor-element-populated\">\n\t\t\t\t\t\t\t<div class=\"elementor-widget-wrap\">\n\t\t\t\t\t\t<div class=\"elementor-element elementor-element-18efb5a elementor-widget elementor-widget-text-editor\" data-id=\"18efb5a\" data-element_type=\"widget\" data-widget_type=\"text-editor.default\">\n\t\t\t\t<div class=\"elementor-widget-container\">\n\t\t\t\t\t\t\t\t<div class=\"elementor-text-editor elementor-clearfix\">\n\t\t\t\t<p><span style=\"color: #000000;\"><strong>SISTEMA DE ADMISI\u00d3N ESCOLAR A\u00d1O 2026<\/strong><\/span><\/p><p><span style=\"color: #000000;\">El Colegio Santa Mar\u00eda de los \u00c1ngeles informa a la comunidad en general sobre el proceso de admisi\u00f3n escolar (SAE) para el a\u00f1o 2026.<\/span><\/p><p><span style=\"color: #000000;\">Quienes deseen postular a sus hijos(as) en nuestro colegio para el a\u00f1o 2026, este proceso se realizar\u00e1, mediante el sitio web del SAE, dentro de las fechas indicadas por el Ministerio de Educaci\u00f3n en <span style=\"color: #0000ff;\"><a style=\"color: #0000ff;\" href=\"https:\/\/www.sistemadeadmisionescolar.cl\/\" target=\"_blank\" rel=\"noopener\">sistemadeadmisionescolar.cl<\/a><\/span>.<\/span><\/p><p><span style=\"color: #000000;\"><strong><u>Fechas Importantes Proceso SAE <\/u><\/strong>:<\/span><\/p><div class=\"card card_list\"><figure><div class=\"row numero_fecha text-center\"><p style=\"text-align: left;\"><span style=\"font-size: 16px;\"><strong>Desde el 5 al 28 de agosto Periodo principal de postulaci\u00f3n.<\/strong><\/span><\/p><p style=\"text-align: left;\"><span style=\"font-size: 16px;\"><strong>Desde el 15 al 21 octubre Publicaci\u00f3n resultados del Periodo Principal<\/strong><\/span><\/p><\/div><\/figure><\/div><p><span style=\"color: #000000;\"><strong><u>\u00a0<\/u><\/strong><\/span><\/p><p><span style=\"color: #000000;\"><strong><u>Consideraciones Generales<\/u><\/strong><strong>:<\/strong><\/span><\/p><p><span style=\"color: #000000;\">Al momento de matricularse en nuestro Colegio usted acepta:<\/span><\/p><ol><li><span style=\"color: #000000;\">Adherirse al Proyecto Educativo del Colegio, el que deber\u00e1n conocer y firmar al momento de MATRICULAR a su hijo(a).<\/span><\/li><li><span style=\"color: #000000;\">Padres comprometidos con el proceso de formaci\u00f3n de sus hijos. Se exigir\u00e1 la participaci\u00f3n en todas las reuniones de padres y apoderados a las que sean citados.<\/span><\/li><li><span style=\"color: #000000;\">Los padres y apoderados deber\u00e1n adherirse y comprometerse con el Manual de Convivencia y todos los reglamentos vigentes del Colegio, que ser\u00e1n entregado al momento de formalizar la matr\u00edcula.<\/span><\/li><\/ol><p><span style=\"color: #000000;\"><strong><u>\u00a0<\/u><\/strong><\/span><\/p><p><span style=\"color: #000000;\"><strong><u>Edades<\/u><\/strong><strong>: <\/strong><\/span><\/p><ul><li><span style=\"color: #000000;\">K\u00ednder: 5 a\u00f1os cumplidos al 30 de marzo.<\/span><\/li><li><span style=\"color: #000000;\">1\u00b0 B\u00e1sico: 6 a\u00f1os cumplidos al 30 de marzo.<\/span><\/li><\/ul><p><span style=\"color: #000000;\"><strong><u>\u00a0<\/u><\/strong><\/span><\/p><p><span style=\"color: #000000;\"><strong><u>Documentaci\u00f3n para Matr\u00edcular<\/u><\/strong><strong>:<\/strong><\/span><\/p><ul><li><span style=\"color: #000000;\">Certificado Nacimiento del estudiante.<\/span><\/li><li><span style=\"color: #000000;\">Fotocopia de C\u00e9dula Identidad del apoderado por ambos lados.<\/span><\/li><li><span style=\"color: #000000;\">Certificado de Promoci\u00f3n, al momento de matricular, el Colegio, podr\u00eda solicitar las notas 2025 como documentaci\u00f3n complementaria, para certificar que el estudiante est\u00e1 en el curso que corresponde. <strong><em>En ning\u00fan caso condicionante de la matr\u00edcula.<\/em><\/strong><\/span><\/li><\/ul><p><span style=\"color: #000000;\"><strong>\u00a0<\/strong><\/span><\/p><div class=\"card card_list\"><div class=\"desc\"><div class=\"block\"><p style=\"text-align: center;\"><em><span style=\"font-size: 1rem;\">\u00a0<\/span><span style=\"font-size: 1rem; color: #000000;\"><strong><u>IMPORTANTE<\/u><\/strong><\/span><\/em><\/p><\/div><\/div><\/div><p style=\"text-align: center;\"><em><span style=\"color: #000000;\"><strong>Estimados apoderados:<\/strong><\/span><\/em><\/p><p style=\"text-align: center;\"><em><span style=\"color: #000000;\"><strong>Si usted\u00a0<u>NO quiere cambiar a su hijo (a)\u00a0<\/u>del Colegio Santa Mar\u00eda de los \u00c1ngeles<u>,<\/u>\u00a0<u>NO debe postular.<\/u>\u00a0Si usted participa en el Sistema de Admisi\u00f3n Escolar, y es asignado a otro establecimiento pierde autom\u00e1ticamente el cupo del colegio.<\/strong><\/span><\/em><\/p>\t\t\t\t\t<\/div>\n\t\t\t\t\t\t<\/div>\n\t\t\t\t<\/div>\n\t\t\t\t\t\t<\/div>\n\t\t\t\t\t<\/div>\n\t\t<\/div>\n\t\t\t\t\t\t\t\t<\/div>\n\t\t\t\t\t<\/div>\n\t\t<\/section>\n\t\t\t\t<section class=\"elementor-section elementor-top-section elementor-element elementor-element-75e7ef7 elementor-section-boxed elementor-section-height-default elementor-section-height-default\" data-id=\"75e7ef7\" data-element_type=\"section\">\n\t\t\t\t\t\t<div class=\"elementor-container elementor-column-gap-default\">\n\t\t\t\t\t\t\t<div class=\"elementor-row\">\n\t\t\t\t\t<div class=\"elementor-column elementor-col-100 elementor-top-column elementor-element elementor-element-81535b5\" data-id=\"81535b5\" data-element_type=\"column\">\n\t\t\t<div class=\"elementor-column-wrap elementor-element-populated\">\n\t\t\t\t\t\t\t<div class=\"elementor-widget-wrap\">\n\t\t\t\t\t\t<div class=\"elementor-element elementor-element-5996235 elementor-widget elementor-widget-text-editor\" data-id=\"5996235\" data-element_type=\"widget\" data-widget_type=\"text-editor.default\">\n\t\t\t\t<div class=\"elementor-widget-container\">\n\t\t\t\t\t\t\t\t<div class=\"elementor-text-editor elementor-clearfix\">\n\t\t\t\t<blockquote><p style=\"text-align: center;\"><span style=\"color: #000000;\"><strong>Nuestro Colegio se encuentra adherido al Sistema de Admisi\u00f3n Escolar por lo cu\u00e1l el proceso de ingreso al establecimiento se rige por los protocolos dispuesto por el MINEDUC para esta instancia.<\/strong><\/span><\/p><p style=\"text-align: center;\"><span style=\"color: #000000;\"><strong>\u00a1Apoderada y apoderado!\u00a0 el \u00fanico medio para solicitar\u00a0 vacantes en los establecimientos de tu inter\u00e9s para el a\u00f1o 2025 es haciendo clic en el bot\u00f3n de \u00abAn\u00f3tate en la Lista\u00bb.<\/strong><\/span><\/p><\/blockquote>\t\t\t\t\t<\/div>\n\t\t\t\t\t\t<\/div>\n\t\t\t\t<\/div>\n\t\t\t\t<div class=\"elementor-element elementor-element-331b4ab elementor-widget elementor-widget-heading\" data-id=\"331b4ab\" data-element_type=\"widget\" data-widget_type=\"heading.default\">\n\t\t\t\t<div class=\"elementor-widget-container\">\n\t\t\t<h2 class=\"elementor-heading-title elementor-size-small\">Enlace directo a la p\u00e1gina oficial del Sistema de Admisi\u00f3n Escolar<\/h2>\t\t<\/div>\n\t\t\t\t<\/div>\n\t\t\t\t<div class=\"elementor-element elementor-element-95f8f35 elementor-button-info elementor-align-center elementor-widget elementor-widget-button\" data-id=\"95f8f35\" data-element_type=\"widget\" data-widget_type=\"button.default\">\n\t\t\t\t<div class=\"elementor-widget-container\">\n\t\t\t\t\t<div class=\"elementor-button-wrapper\">\n\t\t\t<a class=\"elementor-button elementor-button-link elementor-size-sm\" href=\"https:\/\/www.sistemadeadmisionescolar.cl\/\">\n\t\t\t\t\t\t<span class=\"elementor-button-content-wrapper\">\n\t\t\t\t\t\t<span class=\"elementor-button-text\">an\u00f3tate en la lista<\/span>\n\t\t<\/span>\n\t\t\t\t\t<\/a>\n\t\t<\/div>\n\t\t\t\t<\/div>\n\t\t\t\t<\/div>\n\t\t\t\t\t\t<\/div>\n\t\t\t\t\t<\/div>\n\t\t<\/div>\n\t\t\t\t\t\t\t\t<\/div>\n\t\t\t\t\t<\/div>\n\t\t<\/section>\n\t\t\t\t\t\t\t\t\t<\/div>\n\t\t\t<\/div>\n\t\t\t\t\t<\/div>\n\t\t","protected":false},"excerpt":{"rendered":"<p>SISTEMA DE ADMISI\u00d3N ESCOLAR A\u00d1O 2026 El Colegio Santa Mar\u00eda de los \u00c1ngeles informa a la comunidad en general sobre el proceso de admisi\u00f3n escolar (SAE) para el a\u00f1o 2026. Quienes deseen postular a sus hijos(as) en nuestro colegio para el a\u00f1o 2026, este proceso se realizar\u00e1, mediante el sitio web del SAE, dentro de [&hellip;]<\/p>\n","protected":false},"author":2,"featured_media":4164,"parent":0,"menu_order":0,"comment_status":"closed","ping_status":"closed","template":"","meta":{"footnotes":""},"class_list":["post-310","page","type-page","status-publish","has-post-thumbnail","hentry"],"_links":{"self":[{"href":"https:\/\/www.santamariadelosangeles.cl\/web\/wp-json\/wp\/v2\/pages\/310"}],"collection":[{"href":"https:\/\/www.santamariadelosangeles.cl\/web\/wp-json\/wp\/v2\/pages"}],"about":[{"href":"https:\/\/www.santamariadelosangeles.cl\/web\/wp-json\/wp\/v2\/types\/page"}],"author":[{"embeddable":true,"href":"https:\/\/www.santamariadelosangeles.cl\/web\/wp-json\/wp\/v2\/users\/2"}],"replies":[{"embeddable":true,"href":"https:\/\/www.santamariadelosangeles.cl\/web\/wp-json\/wp\/v2\/comments?post=310"}],"version-history":[{"count":106,"href":"https:\/\/www.santamariadelosangeles.cl\/web\/wp-json\/wp\/v2\/pages\/310\/revisions"}],"predecessor-version":[{"id":13013,"href":"https:\/\/www.santamariadelosangeles.cl\/web\/wp-json\/wp\/v2\/pages\/310\/revisions\/13013"}],"wp:featuredmedia":[{"embeddable":true,"href":"https:\/\/www.santamariadelosangeles.cl\/web\/wp-json\/wp\/v2\/media\/4164"}],"wp:attachment":[{"href":"https:\/\/www.santamariadelosangeles.cl\/web\/wp-json\/wp\/v2\/media?parent=310"}],"curies":[{"name":"wp","href":"https:\/\/api.w.org\/{rel}","templated":true}]}}

ADMISIÓN SAE

<div data-elementor-type="wp-page" data-elementor-id="310" class="elementor elementor-310">
						<div class="elementor-inner">
				<div class="elementor-section-wrap">
									<section class="elementor-section elementor-top-section elementor-element elementor-element-2559939 elementor-section-boxed elementor-section-height-default elementor-section-height-default" data-id="2559939" data-element_type="section">
						<div class="elementor-container elementor-column-gap-default">
							<div class="elementor-row">
					<div class="elementor-column elementor-col-100 elementor-top-column elementor-element elementor-element-02b85c4" data-id="02b85c4" data-element_type="column">
			<div class="elementor-column-wrap elementor-element-populated">
							<div class="elementor-widget-wrap">
						<div class="elementor-element elementor-element-18efb5a elementor-widget elementor-widget-text-editor" data-id="18efb5a" data-element_type="widget" data-widget_type="text-editor.default">
				<div class="elementor-widget-container">
								<div class="elementor-text-editor elementor-clearfix">
				<p><span style="color: #000000;"><strong>SISTEMA DE ADMISIÓN ESCOLAR AÑO 2026</strong></span></p><p><span style="color: #000000;">El Colegio Santa María de los Ángeles informa a la comunidad en general sobre el proceso de admisión escolar (SAE) para el año 2026.</span></p><p><span style="color: #000000;">Quienes deseen postular a sus hijos(as) en nuestro colegio para el año 2026, este proceso se realizará, mediante el sitio web del SAE, dentro de las fechas indicadas por el Ministerio de Educación en <span style="color: #0000ff;"><a style="color: #0000ff;" href="https://www.sistemadeadmisionescolar.cl/" target="_blank" rel="noopener">sistemadeadmisionescolar.cl</a></span>.</span></p><p><span style="color: #000000;"><strong><u>Fechas Importantes Proceso SAE </u></strong>:</span></p><div class="card card_list"><figure><div class="row numero_fecha text-center"><p style="text-align: left;"><span style="font-size: 16px;"><strong>Desde el 5 al 28 de agosto Periodo principal de postulación.</strong></span></p><p style="text-align: left;"><span style="font-size: 16px;"><strong>Desde el 15 al 21 octubre Publicación resultados del Periodo Principal</strong></span></p></div></figure></div><p><span style="color: #000000;"><strong><u> </u></strong></span></p><p><span style="color: #000000;"><strong><u>Consideraciones Generales</u></strong><strong>:</strong></span></p><p><span style="color: #000000;">Al momento de matricularse en nuestro Colegio usted acepta:</span></p><ol><li><span style="color: #000000;">Adherirse al Proyecto Educativo del Colegio, el que deberán conocer y firmar al momento de MATRICULAR a su hijo(a).</span></li><li><span style="color: #000000;">Padres comprometidos con el proceso de formación de sus hijos. Se exigirá la participación en todas las reuniones de padres y apoderados a las que sean citados.</span></li><li><span style="color: #000000;">Los padres y apoderados deberán adherirse y comprometerse con el Manual de Convivencia y todos los reglamentos vigentes del Colegio, que serán entregado al momento de formalizar la matrícula.</span></li></ol><p><span style="color: #000000;"><strong><u> </u></strong></span></p><p><span style="color: #000000;"><strong><u>Edades</u></strong><strong>: </strong></span></p><ul><li><span style="color: #000000;">Kínder: 5 años cumplidos al 30 de marzo.</span></li><li><span style="color: #000000;">1° Básico: 6 años cumplidos al 30 de marzo.</span></li></ul><p><span style="color: #000000;"><strong><u> </u></strong></span></p><p><span style="color: #000000;"><strong><u>Documentación para Matrícular</u></strong><strong>:</strong></span></p><ul><li><span style="color: #000000;">Certificado Nacimiento del estudiante.</span></li><li><span style="color: #000000;">Fotocopia de Cédula Identidad del apoderado por ambos lados.</span></li><li><span style="color: #000000;">Certificado de Promoción, al momento de matricular, el Colegio, podría solicitar las notas 2025 como documentación complementaria, para certificar que el estudiante está en el curso que corresponde. <strong><em>En ningún caso condicionante de la matrícula.</em></strong></span></li></ul><p><span style="color: #000000;"><strong> </strong></span></p><div class="card card_list"><div class="desc"><div class="block"><p style="text-align: center;"><em><span style="font-size: 1rem;"> </span><span style="font-size: 1rem; color: #000000;"><strong><u>IMPORTANTE</u></strong></span></em></p></div></div></div><p style="text-align: center;"><em><span style="color: #000000;"><strong>Estimados apoderados:</strong></span></em></p><p style="text-align: center;"><em><span style="color: #000000;"><strong>Si usted <u>NO quiere cambiar a su hijo (a) </u>del Colegio Santa María de los Ángeles<u>,</u> <u>NO debe postular.</u> Si usted participa en el Sistema de Admisión Escolar, y es asignado a otro establecimiento pierde automáticamente el cupo del colegio.</strong></span></em></p>					</div>
						</div>
				</div>
						</div>
					</div>
		</div>
								</div>
					</div>
		</section>
				<section class="elementor-section elementor-top-section elementor-element elementor-element-75e7ef7 elementor-section-boxed elementor-section-height-default elementor-section-height-default" data-id="75e7ef7" data-element_type="section">
						<div class="elementor-container elementor-column-gap-default">
							<div class="elementor-row">
					<div class="elementor-column elementor-col-100 elementor-top-column elementor-element elementor-element-81535b5" data-id="81535b5" data-element_type="column">
			<div class="elementor-column-wrap elementor-element-populated">
							<div class="elementor-widget-wrap">
						<div class="elementor-element elementor-element-5996235 elementor-widget elementor-widget-text-editor" data-id="5996235" data-element_type="widget" data-widget_type="text-editor.default">
				<div class="elementor-widget-container">
								<div class="elementor-text-editor elementor-clearfix">
				<blockquote><p style="text-align: center;"><span style="color: #000000;"><strong>Nuestro Colegio se encuentra adherido al Sistema de Admisión Escolar por lo cuál el proceso de ingreso al establecimiento se rige por los protocolos dispuesto por el MINEDUC para esta instancia.</strong></span></p><p style="text-align: center;"><span style="color: #000000;"><strong>¡Apoderada y apoderado!  el único medio para solicitar  vacantes en los establecimientos de tu interés para el año 2025 es haciendo clic en el botón de «Anótate en la Lista».</strong></span></p></blockquote>					</div>
						</div>
				</div>
				<div class="elementor-element elementor-element-331b4ab elementor-widget elementor-widget-heading" data-id="331b4ab" data-element_type="widget" data-widget_type="heading.default">
				<div class="elementor-widget-container">
			<h2 class="elementor-heading-title elementor-size-small">Enlace directo a la página oficial del Sistema de Admisión Escolar</h2>		</div>
				</div>
				<div class="elementor-element elementor-element-95f8f35 elementor-button-info elementor-align-center elementor-widget elementor-widget-button" data-id="95f8f35" data-element_type="widget" data-widget_type="button.default">
				<div class="elementor-widget-container">
					<div class="elementor-button-wrapper">
			<a class="elementor-button elementor-button-link elementor-size-sm" href="https://www.sistemadeadmisionescolar.cl/">
						<span class="elementor-button-content-wrapper">
						<span class="elementor-button-text">anótate en la lista</span>
		</span>
					</a>
		</div>
				</div>
				</div>
						</div>
					</div>
		</div>
								</div>
					</div>
		</section>
									</div>
			</div>
					</div>

<p>SISTEMA DE ADMISIÓN ESCOLAR AÑO 2026 El Colegio Santa María de los Ángeles informa a la comunidad en general sobre el proceso de admisión escolar (SAE) para el año 2026. Quienes deseen postular a sus hijos(as) en nuestro colegio para el año 2026, este proceso se realizará, mediante el sitio web del SAE, dentro de [&hellip;]</p>
